{"id":2,"date":"2023-12-14T08:41:19","date_gmt":"2023-12-14T08:41:19","guid":{"rendered":"https:\/\/kalkulator-kredita.com\/?page_id=2"},"modified":"2023-12-14T10:54:48","modified_gmt":"2023-12-14T10:54:48","slug":"sample-page","status":"publish","type":"page","link":"https:\/\/kalkulator-kredita.com\/","title":{"rendered":"Kreditni kalkulator"},"content":{"rendered":"\n<p>Dobrodo\u0161li na najjednostavniji kalkulator otplate kredita! Sada mo\u017eete jednostavno i brzo izra\u010dunati i usporediti dvije glavne opcije otplate kredita &#8211; otplatu na rate i oplatu uz anuitete. Bez kompliciranih formula i dugotrajnih izra\u010duna, na\u0161 kalkulator omogu\u0107uje vam jednostavan usporedni izra\u010dun koji vam poma\u017ee donijeti informirane odluke.<\/p>\n\n\n\n<p>Jednostavno popunite iznos kredita, kamatnu stopu, eventualni polog i \u017eeljeni broj mjeseci otplate. Kliknite na gumb &#8220;Izra\u010dunaj&#8221;, i u tren oka dobit \u0107ete detaljan otplatni plan za obje opcije &#8211; rate i anuitete. Sve informacije koje vam mogu pomo\u0107i u odabiru povoljnije opcije bit \u0107e vam dostupne jednim klikom.<\/p>\n\n\n\n<p>Va\u017eno je napomenuti da ne spremamo nikakve podatke o korisnicima. Va\u0161a privatnost nam je izuzetno va\u017ena, a na\u0161 kalkulator pru\u017ea brze i to\u010dne informacije bez potrebe za pohranom osobnih podataka. Donosite informirane odluke o otplate kredita bez brige o privatnosti.<\/p>\n\n\n\n<p>Iskoristite na\u0161 kalkulator i olak\u0161ajte si put do bolje financijske odluke!<\/p>\n\n\n\n<blockquote class=\"wp-block-quote is-layout-flow wp-block-quote-is-layout-flow\">\n<form id=\"kreditniFormular\">\n        <p><label for=\"iznosKredita\">Iznos kredita:<\/label>\n        <input type=\"number\" id=\"iznosKredita\" required><\/p>\n\n        <p><label for=\"kamata\">Kamata (%):<\/label>\n        <input type=\"number\" id=\"kamata\" required><\/p>\n\n        <p><label for=\"polog\">U\u010de\u0161\u0107e\/depozit:<\/label>\n        <input type=\"number\" id=\"polog\"><\/p>\n\n        <p><label for=\"brojMjeseci\">Broj mjeseci otplate:<\/label>\n        <input type=\"number\" id=\"brojMjeseci\" required><\/p>\n\n        <button type=\"button\" id=\"izracunaj\">Izra\u010dunaj<\/button>\n    <\/form>\n<\/blockquote>\n\n\n\n<div class=\"wp-block-columns is-layout-flex wp-container-core-columns-is-layout-28f84493 wp-block-columns-is-layout-flex\">\n<div class=\"wp-block-column is-layout-flow wp-block-column-is-layout-flow\">\n<p id=\"rezultatiA\"><\/p>\n<\/div>\n\n\n\n<div class=\"wp-block-column is-layout-flow wp-block-column-is-layout-flow\">\n<p id=\"rezultatiR\"><\/p>\n<\/div>\n<\/div>\n","protected":false},"excerpt":{"rendered":"<p>Dobrodo\u0161li na najjednostavniji kalkulator otplate kredita! Sada mo\u017eete jednostavno i brzo izra\u010dunati i usporediti dvije glavne opcije otplate kredita &#8211; otplatu na rate i oplatu uz anuitete. Bez kompliciranih formula i dugotrajnih izra\u010duna, na\u0161 kalkulator omogu\u0107uje vam jednostavan usporedni izra\u010dun koji vam poma\u017ee donijeti informirane odluke. Jednostavno popunite iznos kredita, kamatnu stopu, eventualni polog i [&hellip;]<\/p>\n","protected":false},"author":1,"featured_media":0,"parent":0,"menu_order":0,"comment_status":"closed","ping_status":"open","template":"","meta":{"footnotes":""},"class_list":["post-2","page","type-page","status-publish","hentry"],"_links":{"self":[{"href":"https:\/\/kalkulator-kredita.com\/index.php?rest_route=\/wp\/v2\/pages\/2","targetHints":{"allow":["GET"]}}],"collection":[{"href":"https:\/\/kalkulator-kredita.com\/index.php?rest_route=\/wp\/v2\/pages"}],"about":[{"href":"https:\/\/kalkulator-kredita.com\/index.php?rest_route=\/wp\/v2\/types\/page"}],"author":[{"embeddable":true,"href":"https:\/\/kalkulator-kredita.com\/index.php?rest_route=\/wp\/v2\/users\/1"}],"replies":[{"embeddable":true,"href":"https:\/\/kalkulator-kredita.com\/index.php?rest_route=%2Fwp%2Fv2%2Fcomments&post=2"}],"version-history":[{"count":10,"href":"https:\/\/kalkulator-kredita.com\/index.php?rest_route=\/wp\/v2\/pages\/2\/revisions"}],"predecessor-version":[{"id":48,"href":"https:\/\/kalkulator-kredita.com\/index.php?rest_route=\/wp\/v2\/pages\/2\/revisions\/48"}],"wp:attachment":[{"href":"https:\/\/kalkulator-kredita.com\/index.php?rest_route=%2Fwp%2Fv2%2Fmedia&parent=2"}],"curies":[{"name":"wp","href":"https:\/\/api.w.org\/{rel}","templated":true}]}}